{"id":96,"date":"2011-11-16T23:01:04","date_gmt":"2011-11-16T23:01:04","guid":{"rendered":"http:\/\/bayrakinsaat.com.tr\/?page_id=96"},"modified":"2011-11-16T23:01:27","modified_gmt":"2011-11-16T23:01:27","slug":"istoc-guney-plaza","status":"publish","type":"page","link":"https:\/\/www.bayrakinsaat.com.tr\/?page_id=96","title":{"rendered":"\u0130sto\u00e7 G\u00fcney Plaza"},"content":{"rendered":"<p><a href=\"http:\/\/bayrakinsaat.com.tr\/wp-content\/uploads\/2011\/11\/sayfa9.gif\"><img decoding=\"async\" loading=\"lazy\" src=\"http:\/\/bayrakinsaat.com.tr\/wp-content\/uploads\/2011\/11\/sayfa9.gif\" alt=\"\" title=\"sayfa9\" width=\"601\" height=\"797\" class=\"alignleft size-full wp-image-97\" srcset=\"https:\/\/www.bayrakinsaat.com.tr\/wp-content\/uploads\/2011\/11\/sayfa9.gif 601w, https:\/\/www.bayrakinsaat.com.tr\/wp-content\/uploads\/2011\/11\/sayfa9-226x300.gif 226w\" sizes=\"(max-width: 601px) 100vw, 601px\" \/><\/a><\/p>\n","protected":false},"excerpt":{"rendered":"","protected":false},"author":1,"featured_media":0,"parent":14,"menu_order":4,"comment_status":"open","ping_status":"open","template":"","meta":{"footnotes":""},"_links":{"self":[{"href":"https:\/\/www.bayrakinsaat.com.tr\/index.php?rest_route=\/wp\/v2\/pages\/96"}],"collection":[{"href":"https:\/\/www.bayrakinsaat.com.tr\/index.php?rest_route=\/wp\/v2\/pages"}],"about":[{"href":"https:\/\/www.bayrakinsaat.com.tr\/index.php?rest_route=\/wp\/v2\/types\/page"}],"author":[{"embeddable":true,"href":"https:\/\/www.bayrakinsaat.com.tr\/index.php?rest_route=\/wp\/v2\/users\/1"}],"replies":[{"embeddable":true,"href":"https:\/\/www.bayrakinsaat.com.tr\/index.php?rest_route=%2Fwp%2Fv2%2Fcomments&post=96"}],"version-history":[{"count":2,"href":"https:\/\/www.bayrakinsaat.com.tr\/index.php?rest_route=\/wp\/v2\/pages\/96\/revisions"}],"predecessor-version":[{"id":99,"href":"https:\/\/www.bayrakinsaat.com.tr\/index.php?rest_route=\/wp\/v2\/pages\/96\/revisions\/99"}],"up":[{"embeddable":true,"href":"https:\/\/www.bayrakinsaat.com.tr\/index.php?rest_route=\/wp\/v2\/pages\/14"}],"wp:attachment":[{"href":"https:\/\/www.bayrakinsaat.com.tr\/index.php?rest_route=%2Fwp%2Fv2%2Fmedia&parent=96"}],"curies":[{"name":"wp","href":"https:\/\/api.w.org\/{rel}","templated":true}]}}