{"id":119,"date":"2011-11-16T23:26:07","date_gmt":"2011-11-16T23:26:07","guid":{"rendered":"http:\/\/bayrakinsaat.com.tr\/?page_id=119"},"modified":"2011-11-16T23:26:07","modified_gmt":"2011-11-16T23:26:07","slug":"ibrahim-alaaddin-govsa-i-o-o","status":"publish","type":"page","link":"https:\/\/www.bayrakinsaat.com.tr\/?page_id=119","title":{"rendered":"\u0130brahim Alaaddin G\u00f6vsa \u0130.\u00d6.O"},"content":{"rendered":"<p><a href=\"http:\/\/bayrakinsaat.com.tr\/wp-content\/uploads\/2011\/11\/sayfa17.gif\"><img decoding=\"async\" loading=\"lazy\" src=\"http:\/\/bayrakinsaat.com.tr\/wp-content\/uploads\/2011\/11\/sayfa17.gif\" alt=\"\" title=\"sayfa17\" width=\"675\" height=\"786\" class=\"alignleft size-full wp-image-120\" \/><\/a><\/p>\n","protected":false},"excerpt":{"rendered":"","protected":false},"author":1,"featured_media":0,"parent":14,"menu_order":7,"comment_status":"open","ping_status":"open","template":"","meta":{"footnotes":""},"_links":{"self":[{"href":"https:\/\/www.bayrakinsaat.com.tr\/index.php?rest_route=\/wp\/v2\/pages\/119"}],"collection":[{"href":"https:\/\/www.bayrakinsaat.com.tr\/index.php?rest_route=\/wp\/v2\/pages"}],"about":[{"href":"https:\/\/www.bayrakinsaat.com.tr\/index.php?rest_route=\/wp\/v2\/types\/page"}],"author":[{"embeddable":true,"href":"https:\/\/www.bayrakinsaat.com.tr\/index.php?rest_route=\/wp\/v2\/users\/1"}],"replies":[{"embeddable":true,"href":"https:\/\/www.bayrakinsaat.com.tr\/index.php?rest_route=%2Fwp%2Fv2%2Fcomments&post=119"}],"version-history":[{"count":1,"href":"https:\/\/www.bayrakinsaat.com.tr\/index.php?rest_route=\/wp\/v2\/pages\/119\/revisions"}],"predecessor-version":[{"id":121,"href":"https:\/\/www.bayrakinsaat.com.tr\/index.php?rest_route=\/wp\/v2\/pages\/119\/revisions\/121"}],"up":[{"embeddable":true,"href":"https:\/\/www.bayrakinsaat.com.tr\/index.php?rest_route=\/wp\/v2\/pages\/14"}],"wp:attachment":[{"href":"https:\/\/www.bayrakinsaat.com.tr\/index.php?rest_route=%2Fwp%2Fv2%2Fmedia&parent=119"}],"curies":[{"name":"wp","href":"https:\/\/api.w.org\/{rel}","templated":true}]}}